{"id":2,"date":"2022-03-09T11:06:59","date_gmt":"2022-03-09T10:06:59","guid":{"rendered":"http:\/\/proyectos.stvcom.com\/kiwoko\/?page_id=2"},"modified":"2024-09-26T11:56:23","modified_gmt":"2024-09-26T10:56:23","slug":"home","status":"publish","type":"page","link":"https:\/\/www.tiendanimal.pt\/servicos\/banhos-e-tosquias-centro-beleza\/","title":{"rendered":"Home"},"content":{"rendered":"<h1>Visite-nos nos nossos Sal\u00f5es de Beleza Tiendanimal e mime o seu melhor amigo!<\/h1>\n<p>Na Tiendanimal queremos<strong> cuidar do seu animal<\/strong> de estima\u00e7\u00e3o da melhor forma, tanto por dentro como por fora. Por isso, para al\u00e9m de sermos uma das maiores lojas de produtos para animais de estima\u00e7\u00e3o, onde encontrar\u00e1 tudo o que necessita para a sua alimenta\u00e7\u00e3o e cuidados, dispomos tamb\u00e9m de um servi\u00e7o de banhos e tosquias.<\/p>\n<p>O <strong>servi\u00e7o de tosquia<\/strong> do c\u00e3o \u00e9 essencial para muitos dos nossos amiguinhos, j\u00e1 que a sua pele e p\u00ealo necessitam de cuidados especiais, que nem sempre podem ser realizados em casa. Mas quem disse que estes cuidados apenas s\u00e3o para os nossos amigos caninos? No Centro de Beleza Tiendanimal oferecemos tamb\u00e9m um servi\u00e7o de banhos e tosquias para gatos e coelhos.<\/p>\n<p>O seu melhor amigo n\u00e3o s\u00f3 sair\u00e1 lindo e cheiroso dos nossos Sal\u00f5es de Beleza, como tamb\u00e9m o <strong>faremos sentir-se confort\u00e1vel, seguro e em casa, dando-lhe a melhor aten\u00e7\u00e3o<\/strong> desde o momento em que entra at\u00e9 ao momento em que sai so nossos Centro de Beleza. Mimos e carinhos n\u00e3o v\u00e3o faltar ao seu patudo!<\/p>\n<h2>Encontre os nososs servi\u00e7os de banhos e tosquias para c\u00e3es, gatos e coelhos.<\/h2>\n<p>Nos cabeleireiros de Tiendaanimal queremos cobrir todas as necessidades do seu animal de estima\u00e7\u00e3o. Para tal, contamos com uma ampla lista de servi\u00e7os especialmente dedicados a cada tipo de animal (tendo sempre em conta o seu p\u00ealo) e realizados pelos mellhores profissionais e estilistas.<\/p>\n<h3>Servi\u00e7o de grooming para c\u00e3o:<\/h3>\n<ul>\n<li>Escovagem<\/li>\n<li>Banho (normal, antiparasit\u00e1rio, intesificador de cor)<\/li>\n<li>Stripping<\/li>\n<li>Plucking<\/li>\n<li>Corte \u00e0 m\u00e1quina<\/li>\n<li>Corte \u00e0 tesoura<\/li>\n<li>Corte combinado<\/li>\n<li>Ozonioterapia<\/li>\n<\/ul>\n<p><strong>O que inclui cada servi\u00e7o?<\/strong><\/p>\n<ul>\n<li><strong>Banho<\/strong>: Banho &amp; Massagem, secagem, corte de unhas, limpeza de ouvidos, secre\u00e7\u00e3o de gl\u00e2ndulas anais, antiest\u00e1tico e perfume.<\/li>\n<li><strong>Corte<\/strong>: Corte de acordo com a ra\u00e7a e especificidades, t\u00e9cnica de trabalho de acordo com o tipo de p\u00ealo, antiest\u00e1tico e perfume.<\/li>\n<\/ul>\n<h3>Servi\u00e7o de grooming para gatos:<\/h3>\n<ul>\n<li>Escovagem<\/li>\n<li>Banho<\/li>\n<li>Banho + Escovagem<\/li>\n<li>Banho + Retoque<\/li>\n<li>P\u00ealo curto e P\u00ealo longo<\/li>\n<\/ul>\n<p>O <strong>servi\u00e7o de banho ou banho e corte<\/strong> inclui tanto o banho com massagem para que o seu gato relaxe durante a sess\u00e3o, como <strong>o corte de unhas<\/strong>.<\/p>\n<h3>Servi\u00e7o de grooming para coelhos:<\/h3>\n<ul>\n<li>Escovagem<\/li>\n<li>Corte<\/li>\n<li>Banho com massagem<\/li>\n<\/ul>\n<p>O <strong>servi\u00e7o de banho + corte<\/strong> inclui corte de unhas.<\/p>\n<h3>Check-up de controlo completo incluido em cada visita<\/h3>\n<p>Sempre aproveitaremos cada sess\u00e3 para fazer ao seu animal de estima\u00e7\u00e3o uma revis\u00e3o dos pontos de controlo principais, que nos permitem verificar se est\u00e1 saud\u00e1vel assim como identificar poss\u00edveis problemas de sa\u00fade. Estes s\u00e3o:<\/p>\n<ul>\n<li>Olhos e p\u00e1lpebras<\/li>\n<li>Nariz<\/li>\n<li>Boca, dentes e gengivas<\/li>\n<li>Ouvidos<\/li>\n<li>Patas, almofadas, dedos e unhas<\/li>\n<li>Pele e p\u00ealo<\/li>\n<\/ul>\n<h3>O Centro de Beleza para c\u00e3es e gatos mais completo!<\/h3>\n<p>No nosso Centro de Beleza Tiendanimal oferecemos sess\u00f5es de bem-estar completo ao seu animal de companhia atrav\u00e9s de tratamentos especializados como a hidroterapia e a ozonioterapia, assim como todas as t\u00e9cnicas para tratamento de fungos, alergias, seborreia, alopecia, etc.<\/p>\n<p>Os tratamento e tend\u00eancias mais inovadoraspara cuidar do p\u00ealo e da pele do seu melhor amigo ao mesmo tempo que o deixamos com grande estilo.<\/p>\n<h3>Visite o seu Centro de Beleza Tiendanimal mais perto de si!<\/h3>\n<p>Contamos com um servi\u00e7o de banhos e tosquias para c\u00e3o, gato e coelhos repartido por diferentes localidades, para que possa eleger a mais perto de si. Consulte a nossa lista de Sal\u00f5es de Baleza, ligue-nos ou fa\u00e7a a marca\u00e7\u00e3o online. Estamos ansiosos por conhecer o seu melhor amigo!<\/p>\n","protected":false},"excerpt":{"rendered":"<p>Visite-nos nos nossos Sal\u00f5es de Beleza Tiendanimal e mime o seu melhor amigo! Na Tiendanimal queremos cuidar do seu animal de estima\u00e7\u00e3o da melhor forma, [&hellip;]<\/p>\n","protected":false},"author":1,"featured_media":0,"parent":0,"menu_order":0,"comment_status":"closed","ping_status":"closed","template":"","meta":{"_acf_changed":false,"footnotes":""},"class_list":["post-2","page","type-page","status-publish","hentry"],"acf":[],"yoast_head":"<!-- This site is optimized with the Yoast SEO plugin v27.2 - https:\/\/yoast.com\/product\/yoast-seo-wordpress\/ -->\n<title>Tratamento Canino e Felino | Tiendanimal<\/title>\n<meta name=\"description\" content=\"Oferecemos os melhores servi\u00e7os de grooming para c\u00e3es, gatos e outros animais de estima\u00e7\u00e3o com a ajuda dos melhores profissionais e estilistas. Visite-Nos!\" \/>\n<meta name=\"robots\" content=\"index, follow, max-snippet:-1, max-image-preview:large, max-video-preview:-1\" \/>\n<link rel=\"canonical\" href=\"https:\/\/www.tiendanimal.pt\/servicos\/banhos-e-tosquias-centro-beleza\/\" \/>\n<meta property=\"og:locale\" content=\"es_ES\" \/>\n<meta property=\"og:type\" content=\"article\" \/>\n<meta property=\"og:title\" content=\"Tratamento Canino e Felino | Tiendanimal\" \/>\n<meta property=\"og:description\" content=\"Oferecemos os melhores servi\u00e7os de grooming para c\u00e3es, gatos e outros animais de estima\u00e7\u00e3o com a ajuda dos melhores profissionais e estilistas. Visite-Nos!\" \/>\n<meta property=\"og:url\" content=\"https:\/\/www.tiendanimal.pt\/servicos\/banhos-e-tosquias-centro-beleza\/\" \/>\n<meta property=\"og:site_name\" content=\"Centro de Beleza\" \/>\n<meta property=\"article:publisher\" content=\"https:\/\/www.facebook.com\/tiendanimal\" \/>\n<meta property=\"article:modified_time\" content=\"2024-09-26T10:56:23+00:00\" \/>\n<meta name=\"twitter:card\" content=\"summary_large_image\" \/>\n<meta name=\"twitter:site\" content=\"@tiendanimal\" \/>\n<meta name=\"twitter:label1\" content=\"Tiempo de lectura\" \/>\n\t<meta name=\"twitter:data1\" content=\"3 minutos\" \/>\n<script type=\"application\/ld+json\" class=\"yoast-schema-graph\">{\"@context\":\"https:\/\/schema.org\",\"@graph\":[{\"@type\":\"WebPage\",\"@id\":\"https:\/\/www.tiendanimal.pt\/servicos\/banhos-e-tosquias-centro-beleza\/\",\"url\":\"https:\/\/www.tiendanimal.pt\/servicos\/banhos-e-tosquias-centro-beleza\/\",\"name\":\"Tratamento Canino e Felino | Tiendanimal\",\"isPartOf\":{\"@id\":\"https:\/\/www.tiendanimal.pt\/servicos\/banhos-e-tosquias-centro-beleza\/#website\"},\"datePublished\":\"2022-03-09T10:06:59+00:00\",\"dateModified\":\"2024-09-26T10:56:23+00:00\",\"description\":\"Oferecemos os melhores servi\u00e7os de grooming para c\u00e3es, gatos e outros animais de estima\u00e7\u00e3o com a ajuda dos melhores profissionais e estilistas. Visite-Nos!\",\"breadcrumb\":{\"@id\":\"https:\/\/www.tiendanimal.pt\/servicos\/banhos-e-tosquias-centro-beleza\/#breadcrumb\"},\"inLanguage\":\"es\",\"potentialAction\":[{\"@type\":\"ReadAction\",\"target\":[\"https:\/\/www.tiendanimal.pt\/servicos\/banhos-e-tosquias-centro-beleza\/\"]}]},{\"@type\":\"BreadcrumbList\",\"@id\":\"https:\/\/www.tiendanimal.pt\/servicos\/banhos-e-tosquias-centro-beleza\/#breadcrumb\",\"itemListElement\":[{\"@type\":\"ListItem\",\"position\":1,\"name\":\"Portada\",\"item\":\"https:\/\/www.tiendanimal.pt\/servicos\/banhos-e-tosquias-centro-beleza\/\"},{\"@type\":\"ListItem\",\"position\":2,\"name\":\"Home\"}]},{\"@type\":\"WebSite\",\"@id\":\"https:\/\/www.tiendanimal.pt\/servicos\/banhos-e-tosquias-centro-beleza\/#website\",\"url\":\"https:\/\/www.tiendanimal.pt\/servicos\/banhos-e-tosquias-centro-beleza\/\",\"name\":\"Centro de Beleza\",\"description\":\"Tiendanimal\",\"publisher\":{\"@id\":\"https:\/\/www.tiendanimal.pt\/servicos\/banhos-e-tosquias-centro-beleza\/#organization\"},\"potentialAction\":[{\"@type\":\"SearchAction\",\"target\":{\"@type\":\"EntryPoint\",\"urlTemplate\":\"https:\/\/www.tiendanimal.pt\/servicos\/banhos-e-tosquias-centro-beleza\/?s={search_term_string}\"},\"query-input\":{\"@type\":\"PropertyValueSpecification\",\"valueRequired\":true,\"valueName\":\"search_term_string\"}}],\"inLanguage\":\"es\"},{\"@type\":\"Organization\",\"@id\":\"https:\/\/www.tiendanimal.pt\/servicos\/banhos-e-tosquias-centro-beleza\/#organization\",\"name\":\"Sal\u00f3n de Belleza de Tienda Animal\",\"url\":\"https:\/\/www.tiendanimal.pt\/servicos\/banhos-e-tosquias-centro-beleza\/\",\"logo\":{\"@type\":\"ImageObject\",\"inLanguage\":\"es\",\"@id\":\"https:\/\/www.tiendanimal.pt\/servicos\/banhos-e-tosquias-centro-beleza\/#\/schema\/logo\/image\/\",\"url\":\"http:\/\/peluquerias.tiendanimal.pt\/servicos\/banhos-e-tosquias-centro-beleza\/wp-content\/uploads\/2022\/04\/cropped-logo.jpg\",\"contentUrl\":\"http:\/\/peluquerias.tiendanimal.pt\/servicos\/banhos-e-tosquias-centro-beleza\/wp-content\/uploads\/2022\/04\/cropped-logo.jpg\",\"width\":184,\"height\":80,\"caption\":\"Sal\u00f3n de Belleza de Tienda Animal\"},\"image\":{\"@id\":\"https:\/\/www.tiendanimal.pt\/servicos\/banhos-e-tosquias-centro-beleza\/#\/schema\/logo\/image\/\"},\"sameAs\":[\"https:\/\/www.facebook.com\/tiendanimal\",\"https:\/\/x.com\/tiendanimal\",\"https:\/\/www.instagram.com\/tiendanimal\",\"https:\/\/www.youtube.com\/user\/tiendanimal\"]}]}<\/script>\n<!-- \/ Yoast SEO plugin. -->","yoast_head_json":{"title":"Tratamento Canino e Felino | Tiendanimal","description":"Oferecemos os melhores servi\u00e7os de grooming para c\u00e3es, gatos e outros animais de estima\u00e7\u00e3o com a ajuda dos melhores profissionais e estilistas. Visite-Nos!","robots":{"index":"index","follow":"follow","max-snippet":"max-snippet:-1","max-image-preview":"max-image-preview:large","max-video-preview":"max-video-preview:-1"},"canonical":"https:\/\/www.tiendanimal.pt\/servicos\/banhos-e-tosquias-centro-beleza\/","og_locale":"es_ES","og_type":"article","og_title":"Tratamento Canino e Felino | Tiendanimal","og_description":"Oferecemos os melhores servi\u00e7os de grooming para c\u00e3es, gatos e outros animais de estima\u00e7\u00e3o com a ajuda dos melhores profissionais e estilistas. Visite-Nos!","og_url":"https:\/\/www.tiendanimal.pt\/servicos\/banhos-e-tosquias-centro-beleza\/","og_site_name":"Centro de Beleza","article_publisher":"https:\/\/www.facebook.com\/tiendanimal","article_modified_time":"2024-09-26T10:56:23+00:00","twitter_card":"summary_large_image","twitter_site":"@tiendanimal","twitter_misc":{"Tiempo de lectura":"3 minutos"},"schema":{"@context":"https:\/\/schema.org","@graph":[{"@type":"WebPage","@id":"https:\/\/www.tiendanimal.pt\/servicos\/banhos-e-tosquias-centro-beleza\/","url":"https:\/\/www.tiendanimal.pt\/servicos\/banhos-e-tosquias-centro-beleza\/","name":"Tratamento Canino e Felino | Tiendanimal","isPartOf":{"@id":"https:\/\/www.tiendanimal.pt\/servicos\/banhos-e-tosquias-centro-beleza\/#website"},"datePublished":"2022-03-09T10:06:59+00:00","dateModified":"2024-09-26T10:56:23+00:00","description":"Oferecemos os melhores servi\u00e7os de grooming para c\u00e3es, gatos e outros animais de estima\u00e7\u00e3o com a ajuda dos melhores profissionais e estilistas. Visite-Nos!","breadcrumb":{"@id":"https:\/\/www.tiendanimal.pt\/servicos\/banhos-e-tosquias-centro-beleza\/#breadcrumb"},"inLanguage":"es","potentialAction":[{"@type":"ReadAction","target":["https:\/\/www.tiendanimal.pt\/servicos\/banhos-e-tosquias-centro-beleza\/"]}]},{"@type":"BreadcrumbList","@id":"https:\/\/www.tiendanimal.pt\/servicos\/banhos-e-tosquias-centro-beleza\/#breadcrumb","itemListElement":[{"@type":"ListItem","position":1,"name":"Portada","item":"https:\/\/www.tiendanimal.pt\/servicos\/banhos-e-tosquias-centro-beleza\/"},{"@type":"ListItem","position":2,"name":"Home"}]},{"@type":"WebSite","@id":"https:\/\/www.tiendanimal.pt\/servicos\/banhos-e-tosquias-centro-beleza\/#website","url":"https:\/\/www.tiendanimal.pt\/servicos\/banhos-e-tosquias-centro-beleza\/","name":"Centro de Beleza","description":"Tiendanimal","publisher":{"@id":"https:\/\/www.tiendanimal.pt\/servicos\/banhos-e-tosquias-centro-beleza\/#organization"},"potentialAction":[{"@type":"SearchAction","target":{"@type":"EntryPoint","urlTemplate":"https:\/\/www.tiendanimal.pt\/servicos\/banhos-e-tosquias-centro-beleza\/?s={search_term_string}"},"query-input":{"@type":"PropertyValueSpecification","valueRequired":true,"valueName":"search_term_string"}}],"inLanguage":"es"},{"@type":"Organization","@id":"https:\/\/www.tiendanimal.pt\/servicos\/banhos-e-tosquias-centro-beleza\/#organization","name":"Sal\u00f3n de Belleza de Tienda Animal","url":"https:\/\/www.tiendanimal.pt\/servicos\/banhos-e-tosquias-centro-beleza\/","logo":{"@type":"ImageObject","inLanguage":"es","@id":"https:\/\/www.tiendanimal.pt\/servicos\/banhos-e-tosquias-centro-beleza\/#\/schema\/logo\/image\/","url":"http:\/\/peluquerias.tiendanimal.pt\/servicos\/banhos-e-tosquias-centro-beleza\/wp-content\/uploads\/2022\/04\/cropped-logo.jpg","contentUrl":"http:\/\/peluquerias.tiendanimal.pt\/servicos\/banhos-e-tosquias-centro-beleza\/wp-content\/uploads\/2022\/04\/cropped-logo.jpg","width":184,"height":80,"caption":"Sal\u00f3n de Belleza de Tienda Animal"},"image":{"@id":"https:\/\/www.tiendanimal.pt\/servicos\/banhos-e-tosquias-centro-beleza\/#\/schema\/logo\/image\/"},"sameAs":["https:\/\/www.facebook.com\/tiendanimal","https:\/\/x.com\/tiendanimal","https:\/\/www.instagram.com\/tiendanimal","https:\/\/www.youtube.com\/user\/tiendanimal"]}]}},"_links":{"self":[{"href":"https:\/\/www.tiendanimal.pt\/servicos\/banhos-e-tosquias-centro-beleza\/wp-json\/wp\/v2\/pages\/2","targetHints":{"allow":["GET"]}}],"collection":[{"href":"https:\/\/www.tiendanimal.pt\/servicos\/banhos-e-tosquias-centro-beleza\/wp-json\/wp\/v2\/pages"}],"about":[{"href":"https:\/\/www.tiendanimal.pt\/servicos\/banhos-e-tosquias-centro-beleza\/wp-json\/wp\/v2\/types\/page"}],"author":[{"embeddable":true,"href":"https:\/\/www.tiendanimal.pt\/servicos\/banhos-e-tosquias-centro-beleza\/wp-json\/wp\/v2\/users\/1"}],"replies":[{"embeddable":true,"href":"https:\/\/www.tiendanimal.pt\/servicos\/banhos-e-tosquias-centro-beleza\/wp-json\/wp\/v2\/comments?post=2"}],"version-history":[{"count":23,"href":"https:\/\/www.tiendanimal.pt\/servicos\/banhos-e-tosquias-centro-beleza\/wp-json\/wp\/v2\/pages\/2\/revisions"}],"predecessor-version":[{"id":913,"href":"https:\/\/www.tiendanimal.pt\/servicos\/banhos-e-tosquias-centro-beleza\/wp-json\/wp\/v2\/pages\/2\/revisions\/913"}],"wp:attachment":[{"href":"https:\/\/www.tiendanimal.pt\/servicos\/banhos-e-tosquias-centro-beleza\/wp-json\/wp\/v2\/media?parent=2"}],"curies":[{"name":"wp","href":"https:\/\/api.w.org\/{rel}","templated":true}]}}