{"id":5,"date":"2022-03-09T11:06:59","date_gmt":"2022-03-09T10:06:59","guid":{"rendered":"http:\/\/proyectos.stvcom.com\/kiwoko\/?page_id=2"},"modified":"2023-10-04T14:53:33","modified_gmt":"2023-10-04T13:53:33","slug":"encontre-o-seu-centro-de-beleza","status":"publish","type":"page","link":"https:\/\/www.tiendanimal.pt\/servicos\/banhos-e-tosquias-centro-beleza\/encontre-o-seu-centro-de-beleza\/","title":{"rendered":"Encontre o seu Centro de Beleza"},"content":{"rendered":"<div id=\"wpsl-wrap\" class=\"wpsl-storelocator row\">\r\n\t<div id=\"wpsl-gmap\" class=\"wpsl-gmap-canvas wpsl-clearfix col-xl-7\"><\/div>\r\n\t<div class=\"contenido-tiendas p-4 col-lg-5\">\t<div class=\"wpsl-title-wrap col-12\">\r\n<h2 class=\"wpsl-title-buscardor\">Encontre o seu Centro de Beleza mias perto e consulte os nossos pre\u00e7os<\/h2>\t<\/div>\r\n\t<div class=\"wpsl-search col-12\">\r\n\t\t<div id=\"wpsl-search-wrap wpsl-clearfix col-12\"\">\r\n\t\t\t<form autocomplete=\"off\">\r\n\t\t\t<div class=\"wpsl-input wpsl-clearfix col-12 pt-3 text-center\"\">\r\n\t\t\t\t<input class=\"w-100\" placeholder=\"CP, ciudad, lugar...\" id=\"wpsl-search-input\" type=\"text\" value=\"\" name=\"wpsl-search-input\" aria-required=\"true\" \/>\r\n\t<\/div>\t\t\t<\/div>\r\n\t\t\t<div class=\"wpsl-select-wrap wpsl-clearfix col-12 pt-4 pb-5\"\">\r\n\t\t\t\t<div id=\"wpsl-radius\" class=\"wpsl-clearfix col-12\">\r\n\t\t\t\t\t<label for=\"wpsl-radius-dropdown\" class=\"w-50 text-wpsl-cerca\">Raio de pesquisa<\/label>\r\n\t\t\t\t\t<select id=\"wpsl-radius-dropdown\" class=\"wpsl-dropdown dropdown w-50\" name=\"wpsl-radius\">\r\n\t\t\t\t\t\t<option value=\"10\">10 km<\/option><option value=\"25\">25 km<\/option><option selected=\"selected\" value=\"50\">50 km<\/option><option value=\"100\">100 km<\/option>\r\n\t\t\t\t\t<\/select>\r\n\t\t\t\t<\/div>\r\n\t\t\t<\/div>\r\n\t\t<div class=\"clearfix\"><\/div>\r\n\t\t\t\t<div class=\"wpsl-search-btn-wrap wpsl-clearfix col-12\"><input id=\"wpsl-search-btn\" class=\"btn w-100 py-3\" type=\"submit\" value=\"Procurar Centro de Beleza\"><\/div>\r\n\t\t<\/form>\r\n\t\t<\/div>\r\n\t<\/div>\r\n\t<div id=\"wpsl-result-list wpsl-clearfix\" class=\"col-12 mt-5\">\r\n\t\t<div id=\"wpsl-stores\" >\r\n\t\t\t<ul><\/ul>\r\n\t\t<\/div>\r\n\t\t<div id=\"wpsl-direction-details\">\r\n\t\t\t<ul><\/ul>\r\n\t\t<\/div>\r\n\t<\/div>\r\n\t\t\t<\/div>\r\n<\/div>\r\n\n","protected":false},"excerpt":{"rendered":"","protected":false},"author":1,"featured_media":371,"parent":0,"menu_order":0,"comment_status":"closed","ping_status":"closed","template":"","meta":{"_acf_changed":false,"footnotes":""},"class_list":["post-5","page","type-page","status-publish","has-post-thumbnail","hentry"],"acf":[],"yoast_head":"<!-- This site is optimized with the Yoast SEO plugin v27.2 - https:\/\/yoast.com\/product\/yoast-seo-wordpress\/ -->\n<title>Localizador de centros de Beleza | Tiendanimal<\/title>\n<meta name=\"description\" content=\"Encontre o Centro de Beleza e Cabeleireiro mais pr\u00f3ximo e marque uma consulta online, pois \u00e9 do Clube Premium -10% DESCONTO, o que voc\u00ea est\u00e1 esperando?\" \/>\n<meta name=\"robots\" content=\"index, follow, max-snippet:-1, max-image-preview:large, max-video-preview:-1\" \/>\n<link rel=\"canonical\" href=\"https:\/\/www.tiendanimal.pt\/servicos\/banhos-e-tosquias-centro-beleza\/encontre-o-seu-centro-de-beleza\/\" \/>\n<meta property=\"og:locale\" content=\"es_ES\" \/>\n<meta property=\"og:type\" content=\"article\" \/>\n<meta property=\"og:title\" content=\"Localizador de centros de Beleza | Tiendanimal\" \/>\n<meta property=\"og:description\" content=\"Encontre o Centro de Beleza e Cabeleireiro mais pr\u00f3ximo e marque uma consulta online, pois \u00e9 do Clube Premium -10% DESCONTO, o que voc\u00ea est\u00e1 esperando?\" \/>\n<meta property=\"og:url\" content=\"https:\/\/www.tiendanimal.pt\/servicos\/banhos-e-tosquias-centro-beleza\/encontre-o-seu-centro-de-beleza\/\" \/>\n<meta property=\"og:site_name\" content=\"Centro de Beleza\" \/>\n<meta property=\"article:publisher\" content=\"https:\/\/www.facebook.com\/tiendanimal\" \/>\n<meta property=\"article:modified_time\" content=\"2023-10-04T13:53:33+00:00\" \/>\n<meta property=\"og:image\" content=\"https:\/\/www.tiendanimal.pt\/servicos\/banhos-e-tosquias-centro-beleza\/wp-content\/uploads\/2022\/04\/bg-head-encuentra-pelu.jpg\" \/>\n\t<meta property=\"og:image:width\" content=\"1920\" \/>\n\t<meta property=\"og:image:height\" content=\"588\" \/>\n\t<meta property=\"og:image:type\" content=\"image\/jpeg\" \/>\n<meta name=\"twitter:card\" content=\"summary_large_image\" \/>\n<meta name=\"twitter:site\" content=\"@tiendanimal\" \/>\n<script type=\"application\/ld+json\" class=\"yoast-schema-graph\">{\"@context\":\"https:\/\/schema.org\",\"@graph\":[{\"@type\":\"WebPage\",\"@id\":\"https:\/\/www.tiendanimal.pt\/servicos\/banhos-e-tosquias-centro-beleza\/encontre-o-seu-centro-de-beleza\/\",\"url\":\"https:\/\/www.tiendanimal.pt\/servicos\/banhos-e-tosquias-centro-beleza\/encontre-o-seu-centro-de-beleza\/\",\"name\":\"Localizador de centros de Beleza | Tiendanimal\",\"isPartOf\":{\"@id\":\"https:\/\/www.tiendanimal.pt\/servicos\/banhos-e-tosquias-centro-beleza\/#website\"},\"primaryImageOfPage\":{\"@id\":\"https:\/\/www.tiendanimal.pt\/servicos\/banhos-e-tosquias-centro-beleza\/encontre-o-seu-centro-de-beleza\/#primaryimage\"},\"image\":{\"@id\":\"https:\/\/www.tiendanimal.pt\/servicos\/banhos-e-tosquias-centro-beleza\/encontre-o-seu-centro-de-beleza\/#primaryimage\"},\"thumbnailUrl\":\"https:\/\/www.tiendanimal.pt\/servicos\/banhos-e-tosquias-centro-beleza\/wp-content\/uploads\/2022\/04\/bg-head-encuentra-pelu.jpg\",\"datePublished\":\"2022-03-09T10:06:59+00:00\",\"dateModified\":\"2023-10-04T13:53:33+00:00\",\"description\":\"Encontre o Centro de Beleza e Cabeleireiro mais pr\u00f3ximo e marque uma consulta online, pois \u00e9 do Clube Premium -10% DESCONTO, o que voc\u00ea est\u00e1 esperando?\",\"breadcrumb\":{\"@id\":\"https:\/\/www.tiendanimal.pt\/servicos\/banhos-e-tosquias-centro-beleza\/encontre-o-seu-centro-de-beleza\/#breadcrumb\"},\"inLanguage\":\"es\",\"potentialAction\":[{\"@type\":\"ReadAction\",\"target\":[\"https:\/\/www.tiendanimal.pt\/servicos\/banhos-e-tosquias-centro-beleza\/encontre-o-seu-centro-de-beleza\/\"]}]},{\"@type\":\"ImageObject\",\"inLanguage\":\"es\",\"@id\":\"https:\/\/www.tiendanimal.pt\/servicos\/banhos-e-tosquias-centro-beleza\/encontre-o-seu-centro-de-beleza\/#primaryimage\",\"url\":\"https:\/\/www.tiendanimal.pt\/servicos\/banhos-e-tosquias-centro-beleza\/wp-content\/uploads\/2022\/04\/bg-head-encuentra-pelu.jpg\",\"contentUrl\":\"https:\/\/www.tiendanimal.pt\/servicos\/banhos-e-tosquias-centro-beleza\/wp-content\/uploads\/2022\/04\/bg-head-encuentra-pelu.jpg\",\"width\":1920,\"height\":588},{\"@type\":\"BreadcrumbList\",\"@id\":\"https:\/\/www.tiendanimal.pt\/servicos\/banhos-e-tosquias-centro-beleza\/encontre-o-seu-centro-de-beleza\/#breadcrumb\",\"itemListElement\":[{\"@type\":\"ListItem\",\"position\":1,\"name\":\"Portada\",\"item\":\"https:\/\/www.tiendanimal.pt\/servicos\/banhos-e-tosquias-centro-beleza\/\"},{\"@type\":\"ListItem\",\"position\":2,\"name\":\"Encontre o seu Centro de Beleza\"}]},{\"@type\":\"WebSite\",\"@id\":\"https:\/\/www.tiendanimal.pt\/servicos\/banhos-e-tosquias-centro-beleza\/#website\",\"url\":\"https:\/\/www.tiendanimal.pt\/servicos\/banhos-e-tosquias-centro-beleza\/\",\"name\":\"Centro de Beleza\",\"description\":\"Tiendanimal\",\"publisher\":{\"@id\":\"https:\/\/www.tiendanimal.pt\/servicos\/banhos-e-tosquias-centro-beleza\/#organization\"},\"potentialAction\":[{\"@type\":\"SearchAction\",\"target\":{\"@type\":\"EntryPoint\",\"urlTemplate\":\"https:\/\/www.tiendanimal.pt\/servicos\/banhos-e-tosquias-centro-beleza\/?s={search_term_string}\"},\"query-input\":{\"@type\":\"PropertyValueSpecification\",\"valueRequired\":true,\"valueName\":\"search_term_string\"}}],\"inLanguage\":\"es\"},{\"@type\":\"Organization\",\"@id\":\"https:\/\/www.tiendanimal.pt\/servicos\/banhos-e-tosquias-centro-beleza\/#organization\",\"name\":\"Sal\u00f3n de Belleza de Tienda Animal\",\"url\":\"https:\/\/www.tiendanimal.pt\/servicos\/banhos-e-tosquias-centro-beleza\/\",\"logo\":{\"@type\":\"ImageObject\",\"inLanguage\":\"es\",\"@id\":\"https:\/\/www.tiendanimal.pt\/servicos\/banhos-e-tosquias-centro-beleza\/#\/schema\/logo\/image\/\",\"url\":\"http:\/\/peluquerias.tiendanimal.pt\/servicos\/banhos-e-tosquias-centro-beleza\/wp-content\/uploads\/2022\/04\/cropped-logo.jpg\",\"contentUrl\":\"http:\/\/peluquerias.tiendanimal.pt\/servicos\/banhos-e-tosquias-centro-beleza\/wp-content\/uploads\/2022\/04\/cropped-logo.jpg\",\"width\":184,\"height\":80,\"caption\":\"Sal\u00f3n de Belleza de Tienda Animal\"},\"image\":{\"@id\":\"https:\/\/www.tiendanimal.pt\/servicos\/banhos-e-tosquias-centro-beleza\/#\/schema\/logo\/image\/\"},\"sameAs\":[\"https:\/\/www.facebook.com\/tiendanimal\",\"https:\/\/x.com\/tiendanimal\",\"https:\/\/www.instagram.com\/tiendanimal\",\"https:\/\/www.youtube.com\/user\/tiendanimal\"]}]}<\/script>\n<!-- \/ Yoast SEO plugin. -->","yoast_head_json":{"title":"Localizador de centros de Beleza | Tiendanimal","description":"Encontre o Centro de Beleza e Cabeleireiro mais pr\u00f3ximo e marque uma consulta online, pois \u00e9 do Clube Premium -10% DESCONTO, o que voc\u00ea est\u00e1 esperando?","robots":{"index":"index","follow":"follow","max-snippet":"max-snippet:-1","max-image-preview":"max-image-preview:large","max-video-preview":"max-video-preview:-1"},"canonical":"https:\/\/www.tiendanimal.pt\/servicos\/banhos-e-tosquias-centro-beleza\/encontre-o-seu-centro-de-beleza\/","og_locale":"es_ES","og_type":"article","og_title":"Localizador de centros de Beleza | Tiendanimal","og_description":"Encontre o Centro de Beleza e Cabeleireiro mais pr\u00f3ximo e marque uma consulta online, pois \u00e9 do Clube Premium -10% DESCONTO, o que voc\u00ea est\u00e1 esperando?","og_url":"https:\/\/www.tiendanimal.pt\/servicos\/banhos-e-tosquias-centro-beleza\/encontre-o-seu-centro-de-beleza\/","og_site_name":"Centro de Beleza","article_publisher":"https:\/\/www.facebook.com\/tiendanimal","article_modified_time":"2023-10-04T13:53:33+00:00","og_image":[{"width":1920,"height":588,"url":"https:\/\/www.tiendanimal.pt\/servicos\/banhos-e-tosquias-centro-beleza\/wp-content\/uploads\/2022\/04\/bg-head-encuentra-pelu.jpg","type":"image\/jpeg"}],"twitter_card":"summary_large_image","twitter_site":"@tiendanimal","schema":{"@context":"https:\/\/schema.org","@graph":[{"@type":"WebPage","@id":"https:\/\/www.tiendanimal.pt\/servicos\/banhos-e-tosquias-centro-beleza\/encontre-o-seu-centro-de-beleza\/","url":"https:\/\/www.tiendanimal.pt\/servicos\/banhos-e-tosquias-centro-beleza\/encontre-o-seu-centro-de-beleza\/","name":"Localizador de centros de Beleza | Tiendanimal","isPartOf":{"@id":"https:\/\/www.tiendanimal.pt\/servicos\/banhos-e-tosquias-centro-beleza\/#website"},"primaryImageOfPage":{"@id":"https:\/\/www.tiendanimal.pt\/servicos\/banhos-e-tosquias-centro-beleza\/encontre-o-seu-centro-de-beleza\/#primaryimage"},"image":{"@id":"https:\/\/www.tiendanimal.pt\/servicos\/banhos-e-tosquias-centro-beleza\/encontre-o-seu-centro-de-beleza\/#primaryimage"},"thumbnailUrl":"https:\/\/www.tiendanimal.pt\/servicos\/banhos-e-tosquias-centro-beleza\/wp-content\/uploads\/2022\/04\/bg-head-encuentra-pelu.jpg","datePublished":"2022-03-09T10:06:59+00:00","dateModified":"2023-10-04T13:53:33+00:00","description":"Encontre o Centro de Beleza e Cabeleireiro mais pr\u00f3ximo e marque uma consulta online, pois \u00e9 do Clube Premium -10% DESCONTO, o que voc\u00ea est\u00e1 esperando?","breadcrumb":{"@id":"https:\/\/www.tiendanimal.pt\/servicos\/banhos-e-tosquias-centro-beleza\/encontre-o-seu-centro-de-beleza\/#breadcrumb"},"inLanguage":"es","potentialAction":[{"@type":"ReadAction","target":["https:\/\/www.tiendanimal.pt\/servicos\/banhos-e-tosquias-centro-beleza\/encontre-o-seu-centro-de-beleza\/"]}]},{"@type":"ImageObject","inLanguage":"es","@id":"https:\/\/www.tiendanimal.pt\/servicos\/banhos-e-tosquias-centro-beleza\/encontre-o-seu-centro-de-beleza\/#primaryimage","url":"https:\/\/www.tiendanimal.pt\/servicos\/banhos-e-tosquias-centro-beleza\/wp-content\/uploads\/2022\/04\/bg-head-encuentra-pelu.jpg","contentUrl":"https:\/\/www.tiendanimal.pt\/servicos\/banhos-e-tosquias-centro-beleza\/wp-content\/uploads\/2022\/04\/bg-head-encuentra-pelu.jpg","width":1920,"height":588},{"@type":"BreadcrumbList","@id":"https:\/\/www.tiendanimal.pt\/servicos\/banhos-e-tosquias-centro-beleza\/encontre-o-seu-centro-de-beleza\/#breadcrumb","itemListElement":[{"@type":"ListItem","position":1,"name":"Portada","item":"https:\/\/www.tiendanimal.pt\/servicos\/banhos-e-tosquias-centro-beleza\/"},{"@type":"ListItem","position":2,"name":"Encontre o seu Centro de Beleza"}]},{"@type":"WebSite","@id":"https:\/\/www.tiendanimal.pt\/servicos\/banhos-e-tosquias-centro-beleza\/#website","url":"https:\/\/www.tiendanimal.pt\/servicos\/banhos-e-tosquias-centro-beleza\/","name":"Centro de Beleza","description":"Tiendanimal","publisher":{"@id":"https:\/\/www.tiendanimal.pt\/servicos\/banhos-e-tosquias-centro-beleza\/#organization"},"potentialAction":[{"@type":"SearchAction","target":{"@type":"EntryPoint","urlTemplate":"https:\/\/www.tiendanimal.pt\/servicos\/banhos-e-tosquias-centro-beleza\/?s={search_term_string}"},"query-input":{"@type":"PropertyValueSpecification","valueRequired":true,"valueName":"search_term_string"}}],"inLanguage":"es"},{"@type":"Organization","@id":"https:\/\/www.tiendanimal.pt\/servicos\/banhos-e-tosquias-centro-beleza\/#organization","name":"Sal\u00f3n de Belleza de Tienda Animal","url":"https:\/\/www.tiendanimal.pt\/servicos\/banhos-e-tosquias-centro-beleza\/","logo":{"@type":"ImageObject","inLanguage":"es","@id":"https:\/\/www.tiendanimal.pt\/servicos\/banhos-e-tosquias-centro-beleza\/#\/schema\/logo\/image\/","url":"http:\/\/peluquerias.tiendanimal.pt\/servicos\/banhos-e-tosquias-centro-beleza\/wp-content\/uploads\/2022\/04\/cropped-logo.jpg","contentUrl":"http:\/\/peluquerias.tiendanimal.pt\/servicos\/banhos-e-tosquias-centro-beleza\/wp-content\/uploads\/2022\/04\/cropped-logo.jpg","width":184,"height":80,"caption":"Sal\u00f3n de Belleza de Tienda Animal"},"image":{"@id":"https:\/\/www.tiendanimal.pt\/servicos\/banhos-e-tosquias-centro-beleza\/#\/schema\/logo\/image\/"},"sameAs":["https:\/\/www.facebook.com\/tiendanimal","https:\/\/x.com\/tiendanimal","https:\/\/www.instagram.com\/tiendanimal","https:\/\/www.youtube.com\/user\/tiendanimal"]}]}},"_links":{"self":[{"href":"https:\/\/www.tiendanimal.pt\/servicos\/banhos-e-tosquias-centro-beleza\/wp-json\/wp\/v2\/pages\/5","targetHints":{"allow":["GET"]}}],"collection":[{"href":"https:\/\/www.tiendanimal.pt\/servicos\/banhos-e-tosquias-centro-beleza\/wp-json\/wp\/v2\/pages"}],"about":[{"href":"https:\/\/www.tiendanimal.pt\/servicos\/banhos-e-tosquias-centro-beleza\/wp-json\/wp\/v2\/types\/page"}],"author":[{"embeddable":true,"href":"https:\/\/www.tiendanimal.pt\/servicos\/banhos-e-tosquias-centro-beleza\/wp-json\/wp\/v2\/users\/1"}],"replies":[{"embeddable":true,"href":"https:\/\/www.tiendanimal.pt\/servicos\/banhos-e-tosquias-centro-beleza\/wp-json\/wp\/v2\/comments?post=5"}],"version-history":[{"count":5,"href":"https:\/\/www.tiendanimal.pt\/servicos\/banhos-e-tosquias-centro-beleza\/wp-json\/wp\/v2\/pages\/5\/revisions"}],"predecessor-version":[{"id":880,"href":"https:\/\/www.tiendanimal.pt\/servicos\/banhos-e-tosquias-centro-beleza\/wp-json\/wp\/v2\/pages\/5\/revisions\/880"}],"wp:featuredmedia":[{"embeddable":true,"href":"https:\/\/www.tiendanimal.pt\/servicos\/banhos-e-tosquias-centro-beleza\/wp-json\/wp\/v2\/media\/371"}],"wp:attachment":[{"href":"https:\/\/www.tiendanimal.pt\/servicos\/banhos-e-tosquias-centro-beleza\/wp-json\/wp\/v2\/media?parent=5"}],"curies":[{"name":"wp","href":"https:\/\/api.w.org\/{rel}","templated":true}]}}